or of b and 325.
25
Suppose -5*h - 228 = -2*q, 8*q + h + 111 = 9*q. What is the greatest common divisor of 5 and q?
1
Suppose 0 = 4*j - n + 223, -j + 17 - 68 = -5*n. Let t = 30 + -70. Let u = t - j. What is the highest common divisor of u and 128?
16
Let s = -74 + 78. Suppose s*y = -2*d + 2, 3*d = 2*y - 3*y - 2. Let c be 15 - (-4)/(-3 + d). What is the highest common factor of c and 70?
14
Let i(q) = 3*q**2 + 15*q + 13. Let y be i(6). Suppose -118 = l - y. What is the greatest common divisor of l and 31?
31
Suppose u = -3*u + 20. Let j be u/(-10)*(2 + (-24)/3). Let c be -6*j/(-2) + -2. What is the greatest common factor of c and 77?
7
Let d(n) = n + 14. Let w be d(-14). Suppose i = -2*a + 5*i + 14, -4*i = w. Suppose 190 = a*v - 6*v. Calculate the greatest common divisor of 76 and v.
38
Suppose 0 = -648*i + 486*i + 515 + 7261. What is the highest common divisor of 18 and i?
6
Let k(x) be the third derivative of x**6/120 - x**5/20 + x**4/12 + 16*x**3/3 + 26*x**2. Let z be k(0). What is the greatest common divisor of z and 8?
8
Suppose 7*r + h = 4*r + 27, 2*r = -2*h + 14. Suppose -z = y - 4, z + 4*y - 8 - 8 = 0. Suppose z = -2*t + 84 + 6. Calculate the highest common factor of r and t.
5
Let g = 6846 + -6782. Let x = -127 - -207. What is the highest common factor of g and x?
16
Suppose -3*v = -3, 4*o + 11 = -v + 48. Suppose o*s - 14*s = -5. Let t be 39/1*1/s. Calculate the highest common factor of 26 and t.
13
Let j be -7 + 10 - (7656/(-616) - 6/(-14)). Let d(n) = -3*n**3 - 3*n**2 + 1. Let s be d(-3). What is the greatest common divisor of s and j?
5
Suppose 98 = j + 96, -2*x - 3*j = -2956. Calculate the highest common divisor of x and 25.
25
Suppose -1808 + 26019 = 71*v. What is the highest common divisor of 33 and v?
11
Let v = 2772 + -2681. What is the highest common divisor of v and 175?
7
Let c(u) = -2*u**3 - 5*u**2 - 14*u - 13. Let l be c(-3). Calculate the greatest common factor of 4978 and l.
38
Let a be -2 - (-9 - -6)*2. Let b be (-3 - -96) + a/(-4) + 4. Calculate the greatest common factor of 60 and b.
12
Let t = -1278 - -1580. Calculate the highest common divisor of 2 and t.
2
Let r = -1616 + 1627. Suppose 4*u + 0*u - 484 = 0. Suppose 2*d - u = d. What is the greatest common factor of r and d?
11
Suppose 2*d + 3*d + 13 = -4*p, 0 = 4*p + 3*d + 3. Let a be (-1)/(258/87 - p). What is the highest common factor of a and 1?
1
Suppose -300 = -29*m + 4*m. Let p(d) = 241*d**3 + 2*d**2 + d. Let b be p(-1). Let l be b/(-45)*(m/2 + 0). What is the greatest common factor of 4 and l?
4
Let z be -3*8/(-180) - 1368/135. Let l = 14 - z. What is the greatest common divisor of l and 408?
24
Let r(v) = -v**3 + 11*v - 10. Let a be r(4). Let m be (-1)/(-1)*(a/(-10) + 6). Calculate the highest common factor of 39 and m.
3
Let a be 110/(-220) - (-49)/2. What is the greatest common divisor of 417 and a?
3
Let d be (-1 - 205/(-15))*12. Let g = 192 - 154. Calculate the highest common factor of d and g.
38
Let m = -1553 - -472. Let b be m/(-7) + 0 + (-69)/161. What is the highest common divisor of 112 and b?
14
Suppose 4*m = 4*n + 6*m + 400, 3*m = -3*n - 300. Let a be 3*(n/(-40))/((-2)/(-92)). What is the highest common divisor of a and 46?
23
Suppose -m - 3*y + 1042 = 0, -2*y + 5236 = -15*m + 20*m. What is the greatest common factor of m and 6550?
262
Let x be (-4 - (-323)/(-2))/(15/(-90)). Calculate the greatest common factor of x and 6.
3
Let f(v) = 150*v**2 + 51*v + 85. Let u be f(-12). What is the highest common divisor of u and 13?
13
Suppose 2*y + 4*b + 10 = 0, 2*y + 2*b - 3 = -7. Let g be (36/15)/(y/5). Let x(c) = -2*c - 32. Let n be x(-22). Calculate the greatest common divisor of n and g.
12
Let r(s) = -s**3 - 41*s**2 - 2*s - 59. Let x be r(-41). Suppose 4*g + 2*b - 130 = 0, 3*g - 125 = -3*b - x. What is the highest common divisor of g and 1?
1
Let d(y) = y**3 + 281*y**2 + 5211*y - 2205. Let s be d(-261). Let v = -1 + 9. Calculate the greatest common factor of s and v.
8
Let b(l) = 2820*l - 2826*l - 169 + 577. Let f be b(54). What is the greatest common divisor of f and 588?
84
Suppose -38*o = -48*o + 360. Suppose 4*q = -4*w + 56, 3*q - 14 = w - o. What is the highest common divisor of 208 and w?
16
Suppose 2507*v + 2496*v = 4981*v + 363308. What is the greatest common factor of 46 and v?
46
Suppose 13*w - 10*w - o = -2616, 3*w + 3*o = -2628. Let p = w + 882. Calculate the highest common divisor of p and 5.
1
Let p = -1059 - -762. Let n = 557 + p. What is the highest common divisor of 100 and n?
20
Let p be (-18)/(20/(-8) + 2). Suppose 5*j - 363 = -c + 4*c, 5*c = -4*j + 283. Calculate the highest common factor of p and j.
36
Suppose 32*x - 21*x = -14*x + 11150. Calculate the highest common factor of x and 20.
2
Let r(l) = 8 - 2*l + 14 + l - 1. Let s be r(7). Let y(m) = 11*m**2 + 9*m + 5. Let t be y(-1). What is the greatest common divisor of t and s?
7
Suppose 65 = -2*m + 765. Let f be (1 + 8*-1)/((-36)/540). What is the highest common divisor of f and m?
35
Let k = 6807 + -6462. Calculate the greatest common divisor of 45 and k.
15
Let r = 270 - 271. Let w be 21 + (r/(-1))/(-21 + 20). Let d = -6 - -10. What is the greatest common factor of w and d?
4
Let v be ((-8593112)/(-188))/1 + 142/(-3337). Calculate the greatest common divisor of 156 and v.
156
Suppose 3*s - 129 = 5*a, -5*a + 0*a - 205 = -5*s. Let f be (1 + -75 - 2)/(-2). Calculate the highest common divisor of f and s.
38
Let v = 29756 - 22241. What is the highest common divisor of v and 60?
15
Suppose -48*l + 9*l = 14079. Let f = l - -363. Calculate the greatest common divisor of 19 and f.
1
Let q(r) = 0*r**3 + 0*r + 4*r**3 - 2*r. Let t be (27/(-81))/(-2 + 11/6). Let h be q(t). What is the greatest common divisor of 7 and h?
7
Suppose w = 8*n - 6*n - 69, 180 = 5*n - 4*w. Let m be (-963)/(-6) + (-2)/4. Calculate the highest common divisor of n and m.
32
Let r(p) = -6*p - 27. Let b be r(-9). Suppose 3 = -4*v + 5*v. Suppose f - v*z - 120 = 0, -4*f - z = z - 424. What is the highest common divisor of b and f?
27
Let b be (-5)/(((-25)/(-40))/(-5)). Let g = b + -60. Let q = g + 64. Calculate the highest common divisor of 352 and q.
44
Let i be 38/(-8) - 11/44. Let u be (0 - (-108)/(-16))/(i/20). Calculate the highest common divisor of u and 243.
27
Suppose 28*k - 4172 = -0*k. Suppose -1963 = -16*a + k. What is the highest common divisor of a and 60?
12
Suppose 5835 = 2*d - 28*l + 23*l, -2*d - 2*l = -5884. Calculate the greatest common factor of 5 and d.
5
Let p(z) = -z**3 - 32*z**2 - 31*z + 15. Let q be ((-1581)/153)/((-2)/(-6)). Let g be p(q). Calculate the greatest common factor of g and 80.
5
Let s = 1172 + -622. Suppose 10 = 10*g - s. Calculate the highest common factor of 40 and g.
8
Let y be -5 + 25 + -39 + 51. Calculate the highest common divisor of y and 1712.
16
Let c = -121 + 72. Let g = c + -22. Let z = 44 - g. What is the greatest common factor of z and 23?
23
Suppose 11 = 4*g - 5. Let q be ((-14)/g - -2)/((-14)/28). Suppose -v + q = -17. What is the highest common factor of 20 and v?
20
Let t(h) = -178*h + 201. Let p(i) = -85*i + 101. Let y(m) = -9*p(m) + 4*t(m). Let s be y(2). Calculate the highest common divisor of 3 and s.
1
Suppose -135*p - 34*p + 1848 = 62*p. Calculate the greatest common divisor of 35 and p.
1
Let t = 3705 + -3433. What is the highest common factor of t and 464?
16
Let w be (0 + 0 - -1)/((-1)/(-59)). Suppose w + 1 = -10*v. Let r be v/(-18)*(-2 + -1)*-5. What is the highest common divisor of 50 and r?
5
Let v(g) = g**2 + 9*g + 117. Let y be v(-9). What is the highest common divisor of y and 13?
13
Let y be (152/(-16))/(-1 + (-425)/(-430)). Calculate the highest common divisor of 43 and y.
43
Suppose 3*i - 20 = -11. Let t be -29*(-1 + 0) - (i - 0). Suppose -4*d - s = s - 46, 2*s = -2*d + t. Calculate the highest common divisor of 2 and d.
2
Let x be ((-7)/3)/((-4)/144). Let o = -19 + 17. Let f be 2 + o/1 - -12. What is the highest common divisor of x and f?
12
Suppose 5298 = 22*v - 1038. What is the highest common factor of 1296 and v?
144
Let n be (120/48)/((10/(-608))/(-5)). Calculate the greatest common divisor of n and 5168.
152
Suppose -71*o = -o - 504 - 266. Let u be 22/(-6)*3/(-1). What is the highest common divisor of o and u?
11
Suppose -o + 5*j = -47, 